63 and 964.
241
What is the highest common factor of 133 and 34789?
19
What is the greatest common factor of 122247 and 423?
423
Calculate the highest common factor of 92208 and 53040.
816
Calculate the highest common factor of 935 and 475915.
935
What is the greatest common factor of 159429 and 38?
19
Calculate the highest common divisor of 46 and 3903422.
46
Calculate the greatest common factor of 765 and 40205.
85
Calculate the highest common divisor of 217 and 229400.
31
What is the highest common factor of 25 and 149170?
5
Calculate the highest common factor of 25 and 371855.
5
Calculate the greatest common factor of 8076 and 24.
12
What is the highest common divisor of 533 and 26773?
41
What is the greatest common factor of 6319 and 142?
71
What is the greatest common factor of 15882 and 75?
3
Calculate the highest common factor of 960 and 11040.
480
What is the greatest common factor of 3262 and 13747?
233
Calculate the greatest common factor of 13098903 and 1041.
1041
Calculate the highest common divisor of 2020 and 32.
4
What is the highest common factor of 67744 and 406?
58
Calculate the highest common divisor of 6000 and 11290.
10
What is the greatest common divisor of 88 and 233057?
11
What is the highest common divisor of 57589 and 33117?
133
What is the highest common divisor of 8475 and 555?
15
What is the highest common divisor of 380 and 46170?
190
What is the highest common divisor of 1146427 and 2863?
409
What is the highest common factor of 988 and 27322?
38
What is the greatest common factor of 88 and 54472?
88
What is the greatest common divisor of 63 and 40383?
63
What is the greatest common divisor of 70609 and 109956?
539
Calculate the greatest common divisor of 456 and 235182.
114
What is the highest common factor of 75 and 2598975?
75
Calculate the highest common divisor of 3223 and 6941.
11
Calculate the greatest common factor of 7168 and 53088.
224
Calculate the greatest common factor of 5337 and 27.
9
Calculate the greatest common divisor of 4838988 and 12.
12
What is the highest common divisor of 1347 and 56125?
449
Calculate the highest common factor of 427917 and 164.
41
What is the highest common divisor of 215852 and 14?
14
What is the greatest common factor of 7535 and 165?
55
Calculate the highest common divisor of 73 and 643349.
73
What is the highest common factor of 282517 and 47?
47
What is the greatest common divisor of 9347210 and 10?
10
What is the highest common factor of 399397 and 11104?
347
What is the highest common factor of 87137 and 10?
1
Calculate the highest common factor of 10977 and 21.
3
What is the highest common factor of 320049 and 18?
9
What is the greatest common factor of 1908 and 48912?
12
Calculate the greatest common divisor of 136 and 74732.
68
What is the highest common factor of 768 and 112000?
128
What is the greatest common factor of 512 and 1192?
8
Calculate the highest common factor of 228 and 216600.
228
Calculate the highest common factor of 12883 and 143.
13
What is the highest common divisor of 52648 and 16?
8
Calculate the highest common factor of 112 and 122164.
28
Calculate the greatest common divisor of 4810 and 2665.
65
Calculate the highest common factor of 28 and 33041204.
28
What is the greatest common factor of 4838 and 13858?
82
Calculate the highest common divisor of 756 and 959.
7
Calculate the highest common divisor of 19440 and 3720.
120
What is the highest common factor of 238710 and 73?
73
What is the greatest common factor of 158848 and 4096?
128
What is the greatest common divisor of 51392 and 40?
8
Calculate the greatest common factor of 180 and 70830.
90
Calculate the highest common factor of 48077 and 8808.
367
Calculate the highest common divisor of 153 and 268311.
51
Calculate the greatest common factor of 22219 and 4.
1
What is the greatest common factor of 460332 and 684?
684
Calculate the highest common factor of 339456 and 1547.
221
What is the highest common factor of 987 and 47987?
47
Calculate the highest common factor of 9284 and 539.
11
Calculate the highest common divisor of 9 and 422586.
9
What is the greatest common factor of 312 and 880992?
24
Calculate the highest common factor of 17310 and 1790.
10
What is the greatest common factor of 1122 and 9351?
3
Calculate the greatest common divisor of 129276 and 12.
12
What is the highest common divisor of 12 and 216876?
12
What is the highest common factor of 646 and 637925?
323
Calculate the highest common factor of 236 and 15812.
236
What is the highest common factor of 88171 and 1147?
37
What is the greatest common factor of 24 and 13242?
6
Calculate the greatest common factor of 6630 and 120.
30
Calculate the greatest common divisor of 248 and 136.
8
Calculate the greatest common divisor of 1368 and 1804392.
1368
What is the greatest common factor of 704 and 25157?
11
What is the greatest common factor of 11835 and 765?
45
Calculate the highest common factor of 280 and 3318.
14
What is the greatest common divisor of 15499 and 33?
11
Calculate the highest common factor of 83085 and 435.
435
What is the highest common factor of 990936 and 16?
8
Calculate the highest common divisor of 135 and 2898720.
135
What is the highest common divisor of 8 and 57188?
4
Calculate the greatest common factor of 5595 and 955626.
1119
What is the highest common factor of 5200 and 27664?
208
Calculate the greatest common divisor of 6 and 55516.
2
What is the highest common divisor of 6 and 96099?
3
What is the highest common divisor of 6254209 and 13?
13
What is the greatest common divisor of 18094 and 3270?
218
What is the highest common divisor of 32638 and 8?
2
Calculate the greatest common factor of 444 and 3883668.
444
Calculate the greatest common divisor of 263 and 580441.
263
What is the greatest common factor of 11 and 7711?
11
Calculate the highest common factor of 47916 and 1330758.
2178
What is the greatest common factor of 8822 and 946?
22
Calculate the greatest common divisor of 75126 and 2280.
114
What is the greatest common factor of 3728 and 3262?
466
What is the greatest common factor of 630 and 77175?
315
Calculate the highest common factor of 60 and 59916.
12
What is the highest common divisor of 352805 and 2255?
205
What is the greatest common divisor of 29 and 4957?
1
Calculate the highest common divisor of 2489 and 4351.
19
Calculate the highest common divisor of 85 and 194395.
85
Calculate the greatest common factor of 6840 and 165.
15
What is the highest common factor of 4680 and 2106?
234
What is the greatest common divisor of 128822 and 2009?
41
What is the highest common divisor of 253590 and 450?
30
What is the highest common factor of 3625 and 1769?
29
What is the highest common factor of 29855 and 35?
35
What is the highest common factor of 58589 and 82?
41
Calculate the greatest common divisor of 2312 and 7567754.
578
Calculate the greatest common factor of 290 and 241135.
145
Calculate the highest common factor of 16340 and 6660.
20
Calculate the greatest common factor of 512 and 13632.
64
Calculate the highest common divisor of 135 and 250911.
27
What is the highest common factor of 872491 and 51?
17
Calculate the greatest common divisor of 1037 and 3978.
17
Calculate the greatest common factor of 4088 and 93586.
146
What is the greatest common divisor of 209682 and 8514?
198
Calculate the greatest common factor of 9760 and 4697.
61
What is the highest common divisor of 28054 and 3403?
83
What is the greatest common divisor of 234 and 5514?
6
Calculate the highest common divisor of 69969 and 498.
249
What is the highest common divisor of 470565 and 45?
45
Calculate the greatest common factor of 7441 and 574.
7
What is the highest common factor of 165 and 2160?
15
What is the highest common factor of 1917258 and 1146?
1146
What is the highest common divisor of 4324 and 17388?
92
Calculate the highest common factor of 616 and 4411.
11
What is the greatest common factor of 1430418 and 11?
11
What is the highest common factor of 54873 and 52?
13
Calculate the greatest common factor of 507718 and 2945.
589
What is the greatest common factor of 603943 and 519?
173
What is the highest common factor of 2848 and 29548?
356
What is the highest common divisor of 92 and 101959?
